ctors of (-234)/(-15)*v/(-80).
3, 5, 13
Let m = 201549 + -120694. List the prime factors of m.
5, 103, 157
Let l(x) = 12*x**2 - 14*x - 34. Let f be 3/4 - 41/(-4). What are the prime factors of l(f)?
2, 79
Let f(w) be the third derivative of w**5/60 + w**4/3 + 7*w**3/6 - 7*w**2. Let s be f(-7). What are the prime factors of (s + (-1)/(-4))*116?
29
Suppose 63*s = 96*s - 14091. List the prime factors of s.
7, 61
Let k = -1898 + 4592. Suppose 4*w = -5*a + 3025, -4*a - 274 = -5*w - k. What are the prime factors of a?
5, 11
Let b be 12 + -4 + -2 - 3. Suppose -3*y - q + b*q = 19, 2*y - 4*q = -26. List the prime factors of (4 - (-9)/y)*107.
107
Let d(v) = -v + 7. Let a be d(4). List the prime factors of 3139/a + 21/(-63).
2, 523
Suppose -19 = -10*y + 31. Let x be 1 + (5 - (5 + -317)). Suppose -z + x = y*z. List the prime factors of z.
53
Let w be (-24332)/36 - 10/90. Let l = -164 - w. What are the prime factors of l?
2
Suppose -56*h + 104976 = 16*h. What are the prime factors of h?
2, 3
Let r = -2381 + 13381. List the prime factors of r.
2, 5, 11
Let a(n) = -n**3 + 27*n**2 - 31*n - 13. Let g be 8/2 - -17 - -4. What are the prime factors of a(g)?
2, 3, 7, 11
Let z(v) = -4*v**3 + 2*v**2 + 7*v + 5. Let r be z(3). Suppose -x = 94 + 21. Let y = r - x. List the prime factors of y.
3, 17
Let o(z) = z**3 + 13*z**2 + 14*z - 23. Let i be o(-11). Suppose -4*p + 68*r - i*r + 1875 = 0, -3*p + 1428 = 5*r. What are the prime factors of p?
3, 157
Let r(y) = -2*y**2 + 6*y. Let z be r(3). Suppose -3*a + 837 = -z*a. Suppose -4*h - a = -7*h. List the prime factors of h.
3, 31
Let g be ((-3)/(-5))/(2 - 291/145). List the prime factors of ((-2)/(-5))/((g/(-2400))/29).
2, 5
Let a(t) be the first derivative of -t**4/4 - t**3 - 5*t**2 - 8*t - 3. Let j(o) = 4*o**2 + 36*o - 5. Let y be j(-9). What are the prime factors of a(y)?
2, 23
Let y = 40 - 33. Suppose -9 - 5 = -y*o. What are the prime factors of (-274 - o)*6/(-12)?
2, 3, 23
Suppose -2*z + 4*d - 8 + 0 = 0, -2*d = 3*z - 12. Suppose -5*v - z*m + 22 = 0, -m + 4*m = 3*v - 30. List the prime factors of (-4)/v + 155/3.
3, 17
Let d be 32/6 + (48/9)/8. Let f be -2 - (-328)/12 - 2/d. Suppose -f*u + 3660 = -10*u. List the prime factors of u.
2, 61
What are the prime factors of (-132)/(4 - -29) + 51428/2?
2, 3, 5, 857
Let m(k) = -k**3 - 15*k**2 - 3*k - 30. Let b be m(-15). Let u(d) = 2*d**2 - 8*d + 20. List the prime factors of u(b).
2, 5, 7
Suppose -5*v + 89307 = -4*n, -168*v + 172*v - 71447 = 3*n. What are the prime factors of v?
17, 1051
Let t be -1 + 157*-3 + 3. Let g = -84 - t. Let m = g - 243. List the prime factors of m.
2, 71
Let w(k) = 88*k**3 - 5*k**2 + 12*k. Let u be w(3). Suppose 0 = 6*j - u - 2325. List the prime factors of j.
2, 17, 23
Suppose -5 = 17*r - 12*r, 5*x - 41161 = -4*r. List the prime factors of x.
8233
Let h(y) = -287*y - 448. What are the prime factors of h(-35)?
3, 7, 457
Suppose 7*z + 5 = -d + 2*z, -z = 0. Let f(a) = 9*a**2 - 5*a + 5. Let x(w) = -10*w**2 + 6*w - 4. Let k(g) = 6*f(g) + 5*x(g). What are the prime factors of k(d)?
2, 5, 11
Suppose 4*g - 31462 = 2*v, -5*g + 2*v - 31442 = -9*g. List the prime factors of g.
3, 2621
Suppose -60*f = -40*f + 100. What are the prime factors of -5 + (-475)/f*2?
5, 37
Let z(w) be the third derivative of -1/5*w**5 + 0*w + 5/8*w**4 + 28*w**2 - 14/3*w**3 + 1/120*w**6 + 0. What are the prime factors of z(12)?
2, 19
Suppose -5*w + 693 = 8. Let u = w + -113. List the prime factors of u.
2, 3
Suppose 16*w - 11*w = 715. Suppose 3 = -3*z, -5*z = 2*c - 4*c + w. What are the prime factors of c?
3, 23
Suppose d = -3*o + 6088, 4*d = -o - 4*o + 10149. Suppose -5*x + 3367 = -z - z, 3*x + z - o = 0. Let p = x + -465. List the prime factors of p.
2, 3, 5, 7
Suppose k + 61914 = 2*s, -40*k + 42*k = s - 30963. List the prime factors of s.
5, 41, 151
Let x(k) be the second derivative of 7*k**4/12 - 5*k**3/6 + 2*k**2 + 13*k. Let u be x(2). Suppose 0 = q + t - u, -5*t - 8 = 7. List the prime factors of q.
5
Let u(z) = -77*z + 122. Let k = 135 - 140. What are the prime factors of u(k)?
3, 13
Let i(c) = -82*c + 374. Let z(u) = -27*u + 124. Let a(w) = -4*i(w) + 11*z(w). What are the prime factors of a(5)?
23
Let s(j) = j**3 + 7*j**2 + 6*j - 4. Let r be s(-4). Let n(g) = 19*g**3 - 3*g**2 + 6*g. Let f be n(2). What are the prime factors of 7 - f/r - 1378/(-5)?
5, 11
Let p(s) = -187*s + 1454. List the prime factors of p(-21).
5381
Suppose -22*p + 23*p - 15 = 0. Suppose p*w = 8468 - 458. What are the prime factors of w?
2, 3, 89
Suppose 2*a = -n + 14, 3*a - 24 = 3*n - 5*n. List the prime factors of (4/8)/(n/10320).
2, 5, 43
Let z(k) = 8*k**2 + k + 6. Let i(r) = 13*r - 31. Let u be i(6). Let w = 43 - u. What are the prime factors of z(w)?
2, 5, 13
Suppose 0 = -12*u + 8*u + 12. Suppose -i + 1502 = -4*j, -u*i + 4566 = -59*j + 62*j. List the prime factors of i.
2, 3, 11, 23
Let v(d) = d**3 - 3*d**2 + 2*d - 2. Let g be v(3). Suppose 0 = -7*f - g*f + 5478. List the prime factors of f.
2, 3, 83
Suppose 253*c - 250*c - 118017 = 3*o, -3*c - 3*o = -117999. What are the prime factors of c?
2, 3, 11, 149
Let q(k) be the third derivative of -k**6/60 + 17*k**5/60 - k**4/4 - k**3 + 4*k**2 - 3*k. What are the prime factors of q(8)?
2, 5
Let h(c) = 3*c**3 + 23*c**2 - 35*c + 19. List the prime factors of h(10).
4969
Let l(n) = 34 - 16*n - 56*n + 54. List the prime factors of l(-5).
2, 7
Let m be ((-4)/(-10))/(2/(-430)). Let k = -6783 + 6593. Let d = m - k. List the prime factors of d.
2, 13
Let c = -454 - -4539. Suppose 1491 = 41*z - c. List the prime factors of z.
2, 17
Let l(d) = -d**3 - 11*d**2 - 27*d - 28. Let b be 12/24*(-1)/((-3)/(-54)). What are the prime factors of l(b)?
53
Let v be (1*2)/(4 + 40/(-12)). Suppose 6*f = 3*f + 3*p - 69, v*p = -2*f - 21. Let y(q) = -2*q**2 - 37*q + 16. What are the prime factors of y(f)?
2, 17
Let o(b) = -37*b**2 + 675*b + 7. What are the prime factors of o(14)?
3, 5, 7
Let g(o) = 13*o**2 + 346*o + 78. List the prime factors of g(34).
2, 5, 2687
Let o(g) = -g**2 - 3*g + 2. Let j be o(0). Suppose 4*y = j*y + 720. Suppose -y - 152 = -4*d. List the prime factors of d.
2
List the prime factors of (-9816632)/(-3070)*(1 - 6/(-4)).
2, 7, 571
Let d(w) = -w**3 - 14*w**2 - 6*w - 78. Let k be d(-14). What are the prime factors of 101 + -1*k/4*-2?
2, 13
Suppose -829*t = -809*t - 301600. List the prime factors of t.
2, 5, 13, 29
Suppose -2*y = 3*a - 7368 + 2910, -4*y - 4458 = -3*a. Suppose 2*o - a = 4*f - 7*f, f - 493 = -3*o. Suppose 4*g - 424 = f. List the prime factors of g.
2, 5, 23
Suppose 4*s = -4*j + 2 - 18, 3*j = -2*s - 12. Let r be 3/(-3)*2/j*2. List the prime factors of (-2)/(2*1*r/(-59)).
59
Let f = -78 + 30. Let t = f + 28. Let g = 2 - t. What are the prime factors of g?
2, 11
Let t(n) = -156*n + 2701. What are the prime factors of t(-17)?
53, 101
Let j(c) = -4605*c + 7324. List the prime factors of j(-13).
67189
Let c(q) be the third derivative of q**5/60 - q**4/24 - 5*q**3 + 9*q**2. Let j be c(6). Suppose -2*h - 2*h + 36 = j. List the prime factors of h.
3
Suppose 152*i - 273815 - 23041 = 0. List the prime factors of i.
3, 7, 31
Let l(f) = -f. Let z(i) = 138*i + 108. Let x(c) = -4*l(c) + z(c). What are the prime factors of x(6)?
2, 3, 5
Suppose -317*m + 312*m - 5*j = -66930, -2*j + 66942 = 5*m. List the prime factors of m.
2, 5, 13, 103
Let d(x) = -2*x + 151*x**3 + 74*x**3 + x**2 - 70*x**3 + 2. List the prime factors of d(1).
2, 3, 13
Suppose -4*h + 19657 + 57518 = 11031. What are the prime factors of h?
2, 3, 13, 53
Suppose 0*i + 8 = 4*s + 3*i, 5*i = 3*s - 6. Suppose r - 5*m = 9, -3*r + 4*r - 1 = m. List the prime factors of ((-2)/s)/(r*1/11).
11
Let a be (-923)/(-3) + 2/6. Suppose -99 = 190*p - 2379. Suppose 14*q - p*q - a = 0. What are the prime factors of q?
2, 7, 11
Let z(s) = -196*s - 9. Let a be z(-1). Suppose -a - 191 = -6*i. What are the prime factors of i?
3, 7
Let g(t) = -t**2 + 19*t - 21. Let b be g(23). Let r = b - -459. What are the prime factors of r?
2, 173
Let w be 3 + 1 + (-4)/(-16)*52. List the prime factors of ((-34)/w)/(294/(-292) - -1).
2, 73
Let k = 27 + 48. Suppose 0 = 2*j - 5*c - k, 15*j + 4*c - 84 = 13*j. List the prime factors of j.
2, 5
Let x(h) = 2*h**2 + 5*h + 2. Let a(r) = 3 - 2*r**3 - 5*r**3 + 5*r**3 + 3*r**3 - r. Let i be a(-2). List the 